 is the units digit of m?
2
Suppose 4*x + 41 - 9 = -4*y, x + 13 = -2*y. What is the units digit of x/(6/8)*-2?
8
Let q(v) = v**3 + 8*v**2 + 5*v - 5. Let c be q(-5). What is the units digit of 25/3 + -2 - 15/c?
6
What is the units digit of 1 - 1614/(-21) - 5/(-35)?
8
Let j(w) = -w - 4. Let b be j(0). Let o(m) = -3*m**2 - m**2 - 3*m + 5*m**2 - 5 + 2*m. What is the units digit of o(b)?
5
What is the hundreds digit of (-2)/(-8)*2 - 13848/(-48)?
2
Suppose 3*k + 63 = 10*k. Let i be (-3)/(-2) - (-1)/(-2). Let c = k - i. What is the units digit of c?
8
Let a = 0 - -12. Suppose 3*i - 2*r = 2*r + 444, a = -4*r. What is the tens digit of i?
4
Suppose 4*t = 42*b - 44*b + 9316, t = -4*b + 2336. What is the tens digit of t?
2
Suppose 5*n = -13 - 2. Let r = -6 + n. What is the units digit of -1 - (0 - r)/(-3)?
2
Let n = 1550 + -775. What is the tens digit of n?
7
Suppose -2*c + 21 = c + 3*o, 3 = 3*o. Let q be (-6)/4*(-20)/c. Suppose 52 = 4*y + q*d, 26 = 3*y - y + 3*d. What is the tens digit of y?
1
Suppose 2*v + 0*v = -l + 8, -l + 6 = v. What is the tens digit of ((-1)/v)/(7/140)*-9?
9
Suppose -23*g = -28*g + 40. Suppose 0 = -g*z + 13*z - 215. What is the units digit of z?
3
Let v(r) = -3*r**3 - 60*r**2 + 3*r + 82. What is the units digit of v(-21)?
2
Let q(n) = n**3 + 2*n**2 - 3*n + 3. Suppose -5*h + 2*m + 5 = 0, 0*h = h - 5*m + 22. Let c be q(h). Let j = c + -27. What is the tens digit of j?
1
Let m be 299/52 - (-1)/4. Suppose -m*s = s - 287. What is the tens digit of s?
4
Let x(d) = d**2 + 1. Let b be x(-2). Suppose -3*f = -s + 85, 94 = 3*s - b*f - 141. Suppose s = 2*y - 4*u, -2*u - 26 + 115 = 3*y. What is the tens digit of y?
3
Suppose -134 + 766 = 2*m. Suppose 5*o - 3*j + 5*j = m, 0 = 2*o - 4*j - 136. What is the tens digit of o?
6
Let n be 4 + -5 - (0 + 0). Let l be -10 - (-1 + 1) - n. Let v(g) = -g + 4. What is the units digit of v(l)?
3
Let u be ((-6)/(-10))/((-2)/(-30)). What is the units digit of 3*15/u - -75?
0
Let v be 3*2*(-34)/(-51). Suppose v*i = -c + 6*c + 839, -4*i - 2*c + 846 = 0. What is the units digit of i?
1
Suppose 20 = 5*o - 2*b, -4*b = -0*o - 5*o + 30. Suppose -6 = -3*z + 3*t, -o*z + 5*t + 12 = t. What is the units digit of 2*(z + 92/8)?
9
Suppose 10 = p + p. Suppose 4*l + 8 = 2*i, -3*l - 7 - p = -3*i. Suppose 0 = -l*v - 3*v + 132. What is the tens digit of v?
4
Let j(u) = 4 - 22 + 4*u**2 - 7*u + 1 - 2*u**2. What is the tens digit of j(7)?
3
Suppose 2*u = -2*o - 3*o - 35, 5*u + o = -76. Let x be -5*(3 + u/3). What is the units digit of ((-15)/x)/(6/(-76))?
9
Let x(a) = -a**3 - 5*a**2 - a - 4. Let k be x(-5). Let t be 328/(-32) - k/(-4). Let c = t - -24. What is the units digit of c?
4
Suppose -518 = -2*x + x. What is the hundreds digit of x?
5
Suppose 0 = 4*p - 5*v + 90, -p + v = p + 48. Let c(k) = 43*k**2 + k - 1. Let f be c(1). Let m = f + p. What is the units digit of m?
8
Let w be (-2)/(-8) + (-9)/36. Suppose 3*u = 3*a + 468, 5*u + w*a = -a + 786. What is the hundreds digit of u?
1
What is the units digit of 9 + (-579)/((-12)/4)?
2
Suppose 5*k + 2*r + 36 = 0, 0 = -2*k + 6*k - 5*r + 9. What is the units digit of (k/((-30)/(-25)))/(-1)?
5
What is the tens digit of (-4)/10 + (175967/55 - 21)?
7
Suppose -2*n + 62*n = 27420. What is the units digit of n?
7
Let g(s) = -s**2 - s + 2. Let m be g(0). Suppose -6*z + 681 = -579. Suppose z = m*r + 3*r. What is the tens digit of r?
4
Let w(t) = -17*t**2 - t - 6. Let r be w(-5). Let b = r + 678. Suppose -b = -6*x - 66. What is the units digit of x?
1
Suppose 2*l + 18 + 11 = q, 5*l + 20 = 0. What is the tens digit of q*((-3)/6 - 53/(-6))?
7
Suppose 272 = 2*k - 212. What is the hundreds digit of k?
2
Let q(k) = -k**2 - 2*k + 381. What is the units digit of q(0)?
1
Let j(x) = 10*x**3 + x**2 - 3*x + 3. Let n be 5/(-10)*6 - -5. What is the units digit of j(n)?
1
Suppose 5*o - 2916 = -3*y, -y = 3*y + o - 3888. Suppose 3*i - y = -0*i. What is the tens digit of i?
2
Let u(g) = 7*g**3 - g**2. Let w be u(1). Suppose -j - 4 = 0, 5*v + w*j = 3*j - 12. Suppose v*n = 2*n - 18. What is the units digit of n?
9
Suppose -3*q + 8 = q. Suppose -o + 252 = 3*v, 5*v - q*o = -5*o + 420. What is the units digit of v?
4
Suppose 48*x + 1320 = 54*x. Suppose -2*y - 3*y = 2*t - 30, t - 9 = -y. Suppose 5*z = -t*u + 115, -5*z + x = -3*u + 73. What is the units digit of z?
7
Suppose 5*w - 76 = -2*m, 3*w + 3 = m - 13. Suppose 0 = -4*d + r - 90, -5 - m = d + 5*r. Let x = 6 - d. What is the tens digit of x?
2
Let k be 177 + -7 - (5 - 2). Let c = k - 47. What is the units digit of c?
0
Let h = 4122 - 1621. What is the units digit of h?
1
Suppose 81 = -2*c + 35. Let v = 51 + -23. Let y = c + v. What is the units digit of y?
5
Suppose 2*k + 0*k - 6 = 0, -2*r + 545 = -k. Suppose 982 = 6*v + r. What is the hundreds digit of v?
1
What is the tens digit of (3*8/(-72))/((-2)/492)?
8
Let n(o) = 1464*o + 526. What is the tens digit of n(3)?
1
What is the hundreds digit of 15*2/(7/(-1232)*-3)?
7
Let j(x) = 11*x**3 + 2*x**2 + 13*x + 372. Let g(l) = -5*l**3 - l**2 - 6*l - 186. Let q(d) = -9*g(d) - 4*j(d). What is the units digit of q(0)?
6
What is the thousands digit of 1/(-4)*114*130/(-3)?
1
Suppose -2*n = -n + 5. Let k(l) = 2*l - 15. Let t be k(7). What is the units digit of (n + 4)/(t/7)?
7
Let d(j) be the second derivative of 71*j**3/6 - 3*j**2/2 + 2*j. What is the tens digit of d(1)?
6
Let r = -138 + 130. What is the units digit of (316/8)/((-4)/r)?
9
Let z(t) = 14*t**2 + 2*t + 45. What is the hundreds digit of z(8)?
9
Let a be 27*(-7)/((-21)/12). Suppose 2*g - 299 = -5*r - 0*g, -5*g - a = -2*r. What is the units digit of r?
9
Let a be (4/6)/((-3)/(-90)). Let o be (-3)/(-4) - (-405)/a. Let q = o + 6. What is the tens digit of q?
2
Let h(v) = v**3 + 22*v**2 - 14*v. What is the hundreds digit of h(-20)?
0
Let h = -1 - 0. Let d = h + 4. Suppose 0 = -2*j + 15 + d. What is the units digit of j?
9
Let s be (-86)/(-10) + (-4)/(-10). Suppose -132 = -5*z + s*z. What is the tens digit of z*1*(-4)/6?
2
Suppose 2*y - 3 = 3. Suppose 5*k + y*q = -2*q - 35, 2*q + 28 = -4*k. What is the tens digit of (k/(-14))/(1/46)?
2
Suppose -13*s = -16*s - 16416. What is the units digit of (4/6)/((-64)/s)?
7
Let j(w) = -w**2 - 6*w - 1. Let x be j(-5). Let i be 11/((-495)/(-54))*(-20)/(-6). Suppose 0 = -i*t + 16, -x*m + 57 = t - 95. What is the units digit of m?
7
Let a(l) = l**3 - 10. Let w be a(0). Let n be w/(-45) - (-196)/9. Let j = n - 16. What is the units digit of j?
6
Let i = 17 - 11. Suppose 3*t + t - 20 = 0, l - i = 4*t. What is the units digit of l?
6
Let x(b) = -4*b - 6. Let s be x(-5). Suppose s = 2*z - 2. Suppose 2*h = -z*l + 3*l + 4, -h = l - 8. What is the units digit of h?
2
Suppose 2*b + 4*v - 6680 = 0, 0 = -41*b + 42*b - 4*v - 3328. What is the hundreds digit of b?
3
Suppose 14*t = 3493 + 5593. What is the units digit of t?
9
Suppose 3*s = 4*q + 4*s - 43, -41 = -5*q + 3*s. Let n = 10 - q. Let v = 2 + n. What is the units digit of v?
2
Suppose -2*x - 78 = -5*r, -3*x + 5*r - 3*r - 106 = 0. Let a = 83 - x. What is the tens digit of a?
1
What is the units digit of -5 + 23392/40 + (-8)/10?
9
Let p(v) = -21*v - 122. What is the tens digit of p(-18)?
5
What is the hundreds digit of 1277 + 53 - ((-2)/(-1) + -7)?
3
Let g(j) = j**3 + 7*j**2 + 4*j - 6. Let q be g(-5). Let n be (-2 - q/(-9))*3. What is the units digit of -1 - (-16 + (-2 - n))?
9
Let l = 17 + -15. Let k(z) = -5*z - z**2 + 23*z - l - 2. What is the units digit of k(12)?
8
Let g be -4 - (2 - 9/3). Let w be g - (20*-8 + -3). Suppose 9*f - w = 4*f. What is the tens digit of f?
3
What is the units digit of ((-8190)/(-140))/((1 - -1)/12)?
1
What is the thousands digit of ((-7)/98 - 3/(-42)) + 1165?
1
Let i(n) = n**3 - 7*n**2 + 7*n - 1. Let w be i(6). Suppose -w*g = 5*v - 145, 0*v - v = -5*g + 163. What is the tens digit of g?
3
Let n(y) = -y**3 + 18*y**2 - 17*y - 7. Let a be n(17). Suppose z - 210 = -5*r - 2*z, -5*r + 5*z + 210 = 0. What is the units digit of 0 + r - a/(-7)?
1
Suppose 0*m - 18 = m. Suppose 5*y + 120 = -4*v, 2*v + y + 0*y = -54. Let b = m - v. What is the units digit of b?
7
Let h(g) be the second derivative of g**4/3 - 11*g**3/6 - 13*g**2 + g + 9. What is the tens digit of h(-6)?
8
What is the tens digit of ((-1475)/100)/(3/(-252))?
3
Suppose -3*g - 5*p = -3229, p - 56 = -g + 1